{"id":7229,"date":"2022-05-06T17:01:20","date_gmt":"2022-05-06T20:01:20","guid":{"rendered":"https:\/\/fraternidadesemfronteiras.ch\/carrello\/"},"modified":"2022-05-09T13:54:11","modified_gmt":"2022-05-09T16:54:11","slug":"carrello","status":"publish","type":"page","link":"https:\/\/fraternidadesemfronteiras.ch\/it\/carrello\/","title":{"rendered":"Carrello"},"content":{"rendered":"\t\t<div data-elementor-type=\"wp-page\" data-elementor-id=\"7229\" class=\"elementor elementor-7229 elementor-5386\" data-elementor-post-type=\"page\">\n\t\t\t\t\t\t<section class=\"elementor-section elementor-top-section elementor-element elementor-element-2c94257 elementor-section-boxed elementor-section-height-default elementor-section-height-default\" data-id=\"2c94257\" data-element_type=\"section\" data-e-type=\"section\">\n\t\t\t\t\t\t<div class=\"elementor-container elementor-column-gap-default\">\n\t\t\t\t\t<div class=\"elementor-column elementor-col-100 elementor-top-column elementor-element elementor-element-ae10517\" data-id=\"ae10517\" data-element_type=\"column\" data-e-type=\"column\">\n\t\t\t<div class=\"elementor-widget-wrap elementor-element-populated\">\n\t\t\t\t\t\t\t<\/div>\n\t\t<\/div>\n\t\t\t\t\t<\/div>\n\t\t<\/section>\n\t\t\t\t<\/div>\n\t\t","protected":false},"excerpt":{"rendered":"<p>&nbsp; &nbsp; Produto Pre\u00e7o Quantidade Subtotal &times; CD CANTI PER LA PACE &#67;&#72;&#70;&nbsp;6.00 CD CANTI PER LA PACE quantidade &#67;&#72;&#70;&nbsp;6.00 Aggiorna carrello Totale del carrello Subtotal &#67;&#72;&#70;&nbsp;6.00 Total &#67;&#72;&#70;&nbsp;6.00 Finalizzare il tuo acquisto<\/p>\n","protected":false},"author":22,"featured_media":0,"parent":0,"menu_order":0,"comment_status":"closed","ping_status":"closed","template":"","meta":{"footnotes":""},"class_list":["post-7229","page","type-page","status-publish","hentry"],"yoast_head":"<!-- This site is optimized with the Yoast SEO plugin v27.4 - https:\/\/yoast.com\/product\/yoast-seo-wordpress\/ -->\n<title>Carrello - Fraternidade Sem Fronteiras<\/title>\n<meta name=\"robots\" content=\"index, follow, max-snippet:-1, max-image-preview:large, max-video-preview:-1\" \/>\n<link rel=\"canonical\" href=\"https:\/\/fraternidadesemfronteiras.ch\/carrinho\/\" \/>\n<meta property=\"og:locale\" content=\"it_IT\" \/>\n<meta property=\"og:type\" content=\"article\" \/>\n<meta property=\"og:title\" content=\"Carrello - Fraternidade Sem Fronteiras\" \/>\n<meta property=\"og:description\" content=\"&nbsp; &nbsp; Produto Pre\u00e7o Quantidade Subtotal &times; CD CANTI PER LA PACE &#067;&#072;&#070;&nbsp;6.00 CD CANTI PER LA PACE quantidade &#067;&#072;&#070;&nbsp;6.00 Aggiorna carrello Totale del carrello Subtotal &#067;&#072;&#070;&nbsp;6.00 Total &#067;&#072;&#070;&nbsp;6.00 Finalizzare il tuo acquisto\" \/>\n<meta property=\"og:url\" content=\"https:\/\/fraternidadesemfronteiras.ch\/carrinho\/\" \/>\n<meta property=\"og:site_name\" content=\"Fraternidade Sem Fronteiras\" \/>\n<meta property=\"article:modified_time\" content=\"2022-05-09T16:54:11+00:00\" \/>\n<meta property=\"og:image\" content=\"https:\/\/fraternidadesemfronteiras.ch\/wp-content\/uploads\/2022\/03\/cd-cantos_centraldepresentesfsf.jpeg\" \/>\n<meta name=\"twitter:card\" content=\"summary_large_image\" \/>\n<meta name=\"twitter:label1\" content=\"Tempo di lettura stimato\" \/>\n\t<meta name=\"twitter:data1\" content=\"1 minuto\" \/>\n<script type=\"application\/ld+json\" class=\"yoast-schema-graph\">{\"@context\":\"https:\\\/\\\/schema.org\",\"@graph\":[{\"@type\":\"WebPage\",\"@id\":\"https:\\\/\\\/fraternidadesemfronteiras.ch\\\/carrinho\\\/\",\"url\":\"https:\\\/\\\/fraternidadesemfronteiras.ch\\\/carrinho\\\/\",\"name\":\"Carrello - Fraternidade Sem Fronteiras\",\"isPartOf\":{\"@id\":\"https:\\\/\\\/fraternidadesemfronteiras.ch\\\/#website\"},\"primaryImageOfPage\":{\"@id\":\"https:\\\/\\\/fraternidadesemfronteiras.ch\\\/carrinho\\\/#primaryimage\"},\"image\":{\"@id\":\"https:\\\/\\\/fraternidadesemfronteiras.ch\\\/carrinho\\\/#primaryimage\"},\"thumbnailUrl\":\"https:\\\/\\\/fraternidadesemfronteiras.ch\\\/wp-content\\\/uploads\\\/2022\\\/03\\\/cd-cantos_centraldepresentesfsf.jpeg\",\"datePublished\":\"2022-05-06T20:01:20+00:00\",\"dateModified\":\"2022-05-09T16:54:11+00:00\",\"breadcrumb\":{\"@id\":\"https:\\\/\\\/fraternidadesemfronteiras.ch\\\/carrinho\\\/#breadcrumb\"},\"inLanguage\":\"it-IT\",\"potentialAction\":[{\"@type\":\"ReadAction\",\"target\":[\"https:\\\/\\\/fraternidadesemfronteiras.ch\\\/carrinho\\\/\"]}]},{\"@type\":\"ImageObject\",\"inLanguage\":\"it-IT\",\"@id\":\"https:\\\/\\\/fraternidadesemfronteiras.ch\\\/carrinho\\\/#primaryimage\",\"url\":\"https:\\\/\\\/fraternidadesemfronteiras.ch\\\/wp-content\\\/uploads\\\/2022\\\/03\\\/cd-cantos_centraldepresentesfsf.jpeg\",\"contentUrl\":\"https:\\\/\\\/fraternidadesemfronteiras.ch\\\/wp-content\\\/uploads\\\/2022\\\/03\\\/cd-cantos_centraldepresentesfsf.jpeg\"},{\"@type\":\"BreadcrumbList\",\"@id\":\"https:\\\/\\\/fraternidadesemfronteiras.ch\\\/carrinho\\\/#breadcrumb\",\"itemListElement\":[{\"@type\":\"ListItem\",\"position\":1,\"name\":\"Home\",\"item\":\"https:\\\/\\\/fraternidadesemfronteiras.ch\\\/\"},{\"@type\":\"ListItem\",\"position\":2,\"name\":\"Carrello\"}]},{\"@type\":\"WebSite\",\"@id\":\"https:\\\/\\\/fraternidadesemfronteiras.ch\\\/#website\",\"url\":\"https:\\\/\\\/fraternidadesemfronteiras.ch\\\/\",\"name\":\"Fraternidade Sem Fronteiras\",\"description\":\"Somos uma organiza\u00e7\u00e3o humanit\u00e1ria que atua em alguns dos lugares mais pobres do planeta\",\"potentialAction\":[{\"@type\":\"SearchAction\",\"target\":{\"@type\":\"EntryPoint\",\"urlTemplate\":\"https:\\\/\\\/fraternidadesemfronteiras.ch\\\/?s={search_term_string}\"},\"query-input\":{\"@type\":\"PropertyValueSpecification\",\"valueRequired\":true,\"valueName\":\"search_term_string\"}}],\"inLanguage\":\"it-IT\"}]}<\/script>\n<!-- \/ Yoast SEO plugin. -->","yoast_head_json":{"title":"Carrello - Fraternidade Sem Fronteiras","robots":{"index":"index","follow":"follow","max-snippet":"max-snippet:-1","max-image-preview":"max-image-preview:large","max-video-preview":"max-video-preview:-1"},"canonical":"https:\/\/fraternidadesemfronteiras.ch\/carrinho\/","og_locale":"it_IT","og_type":"article","og_title":"Carrello - Fraternidade Sem Fronteiras","og_description":"&nbsp; &nbsp; Produto Pre\u00e7o Quantidade Subtotal &times; CD CANTI PER LA PACE &#67;&#72;&#70;&nbsp;6.00 CD CANTI PER LA PACE quantidade &#67;&#72;&#70;&nbsp;6.00 Aggiorna carrello Totale del carrello Subtotal &#67;&#72;&#70;&nbsp;6.00 Total &#67;&#72;&#70;&nbsp;6.00 Finalizzare il tuo acquisto","og_url":"https:\/\/fraternidadesemfronteiras.ch\/carrinho\/","og_site_name":"Fraternidade Sem Fronteiras","article_modified_time":"2022-05-09T16:54:11+00:00","og_image":[{"url":"https:\/\/fraternidadesemfronteiras.ch\/wp-content\/uploads\/2022\/03\/cd-cantos_centraldepresentesfsf.jpeg","type":"","width":"","height":""}],"twitter_card":"summary_large_image","twitter_misc":{"Tempo di lettura stimato":"1 minuto"},"schema":{"@context":"https:\/\/schema.org","@graph":[{"@type":"WebPage","@id":"https:\/\/fraternidadesemfronteiras.ch\/carrinho\/","url":"https:\/\/fraternidadesemfronteiras.ch\/carrinho\/","name":"Carrello - Fraternidade Sem Fronteiras","isPartOf":{"@id":"https:\/\/fraternidadesemfronteiras.ch\/#website"},"primaryImageOfPage":{"@id":"https:\/\/fraternidadesemfronteiras.ch\/carrinho\/#primaryimage"},"image":{"@id":"https:\/\/fraternidadesemfronteiras.ch\/carrinho\/#primaryimage"},"thumbnailUrl":"https:\/\/fraternidadesemfronteiras.ch\/wp-content\/uploads\/2022\/03\/cd-cantos_centraldepresentesfsf.jpeg","datePublished":"2022-05-06T20:01:20+00:00","dateModified":"2022-05-09T16:54:11+00:00","breadcrumb":{"@id":"https:\/\/fraternidadesemfronteiras.ch\/carrinho\/#breadcrumb"},"inLanguage":"it-IT","potentialAction":[{"@type":"ReadAction","target":["https:\/\/fraternidadesemfronteiras.ch\/carrinho\/"]}]},{"@type":"ImageObject","inLanguage":"it-IT","@id":"https:\/\/fraternidadesemfronteiras.ch\/carrinho\/#primaryimage","url":"https:\/\/fraternidadesemfronteiras.ch\/wp-content\/uploads\/2022\/03\/cd-cantos_centraldepresentesfsf.jpeg","contentUrl":"https:\/\/fraternidadesemfronteiras.ch\/wp-content\/uploads\/2022\/03\/cd-cantos_centraldepresentesfsf.jpeg"},{"@type":"BreadcrumbList","@id":"https:\/\/fraternidadesemfronteiras.ch\/carrinho\/#breadcrumb","itemListElement":[{"@type":"ListItem","position":1,"name":"Home","item":"https:\/\/fraternidadesemfronteiras.ch\/"},{"@type":"ListItem","position":2,"name":"Carrello"}]},{"@type":"WebSite","@id":"https:\/\/fraternidadesemfronteiras.ch\/#website","url":"https:\/\/fraternidadesemfronteiras.ch\/","name":"Fraternidade Sem Fronteiras","description":"Somos uma organiza\u00e7\u00e3o humanit\u00e1ria que atua em alguns dos lugares mais pobres do planeta","potentialAction":[{"@type":"SearchAction","target":{"@type":"EntryPoint","urlTemplate":"https:\/\/fraternidadesemfronteiras.ch\/?s={search_term_string}"},"query-input":{"@type":"PropertyValueSpecification","valueRequired":true,"valueName":"search_term_string"}}],"inLanguage":"it-IT"}]}},"_links":{"self":[{"href":"https:\/\/fraternidadesemfronteiras.ch\/it\/wp-json\/wp\/v2\/pages\/7229","targetHints":{"allow":["GET"]}}],"collection":[{"href":"https:\/\/fraternidadesemfronteiras.ch\/it\/wp-json\/wp\/v2\/pages"}],"about":[{"href":"https:\/\/fraternidadesemfronteiras.ch\/it\/wp-json\/wp\/v2\/types\/page"}],"author":[{"embeddable":true,"href":"https:\/\/fraternidadesemfronteiras.ch\/it\/wp-json\/wp\/v2\/users\/22"}],"replies":[{"embeddable":true,"href":"https:\/\/fraternidadesemfronteiras.ch\/it\/wp-json\/wp\/v2\/comments?post=7229"}],"version-history":[{"count":0,"href":"https:\/\/fraternidadesemfronteiras.ch\/it\/wp-json\/wp\/v2\/pages\/7229\/revisions"}],"wp:attachment":[{"href":"https:\/\/fraternidadesemfronteiras.ch\/it\/wp-json\/wp\/v2\/media?parent=7229"}],"curies":[{"name":"wp","href":"https:\/\/api.w.org\/{rel}","templated":true}]}}

<p>&nbsp; &nbsp; Produto Preço Quantidade Subtotal &times; CD CANTI PER LA PACE &#67;&#72;&#70;&nbsp;6.00 CD CANTI PER LA PACE quantidade &#67;&#72;&#70;&nbsp;6.00 Aggiorna carrello Totale del carrello Subtotal &#67;&#72;&#70;&nbsp;6.00 Total &#67;&#72;&#70;&nbsp;6.00 Finalizzare il tuo acquisto</p>

<!-- This site is optimized with the Yoast SEO plugin v27.4 - https://yoast.com/product/yoast-seo-wordpress/ -->
<title>Carrello - Fraternidade Sem Fronteiras</title>
<meta name="robots" content="index, follow, max-snippet:-1, max-image-preview:large, max-video-preview:-1" />
<link rel="canonical" href="https://fraternidadesemfronteiras.ch/carrinho/" />
<meta property="og:locale" content="it_IT" />
<meta property="og:type" content="article" />
<meta property="og:title" content="Carrello - Fraternidade Sem Fronteiras" />
<meta property="og:description" content="&nbsp; &nbsp; Produto Preço Quantidade Subtotal &times; CD CANTI PER LA PACE &#067;&#072;&#070;&nbsp;6.00 CD CANTI PER LA PACE quantidade &#067;&#072;&#070;&nbsp;6.00 Aggiorna carrello Totale del carrello Subtotal &#067;&#072;&#070;&nbsp;6.00 Total &#067;&#072;&#070;&nbsp;6.00 Finalizzare il tuo acquisto" />
<meta property="og:url" content="https://fraternidadesemfronteiras.ch/carrinho/" />
<meta property="og:site_name" content="Fraternidade Sem Fronteiras" />
<meta property="article:modified_time" content="2022-05-09T16:54:11+00:00" />
<meta property="og:image" content="https://fraternidadesemfronteiras.ch/wp-content/uploads/2022/03/cd-cantos_centraldepresentesfsf.jpeg" />
<meta name="twitter:card" content="summary_large_image" />
<meta name="twitter:label1" content="Tempo di lettura stimato" />
	<meta name="twitter:data1" content="1 minuto" />
<script type="application/ld+json" class="yoast-schema-graph">{"@context":"https:\/\/schema.org","@graph":[{"@type":"WebPage","@id":"https:\/\/fraternidadesemfronteiras.ch\/carrinho\/","url":"https:\/\/fraternidadesemfronteiras.ch\/carrinho\/","name":"Carrello - Fraternidade Sem Fronteiras","isPartOf":{"@id":"https:\/\/fraternidadesemfronteiras.ch\/#website"},"primaryImageOfPage":{"@id":"https:\/\/fraternidadesemfronteiras.ch\/carrinho\/#primaryimage"},"image":{"@id":"https:\/\/fraternidadesemfronteiras.ch\/carrinho\/#primaryimage"},"thumbnailUrl":"https:\/\/fraternidadesemfronteiras.ch\/wp-content\/uploads\/2022\/03\/cd-cantos_centraldepresentesfsf.jpeg","datePublished":"2022-05-06T20:01:20+00:00","dateModified":"2022-05-09T16:54:11+00:00","breadcrumb":{"@id":"https:\/\/fraternidadesemfronteiras.ch\/carrinho\/#breadcrumb"},"inLanguage":"it-IT","potentialAction":[{"@type":"ReadAction","target":["https:\/\/fraternidadesemfronteiras.ch\/carrinho\/"]}]},{"@type":"ImageObject","inLanguage":"it-IT","@id":"https:\/\/fraternidadesemfronteiras.ch\/carrinho\/#primaryimage","url":"https:\/\/fraternidadesemfronteiras.ch\/wp-content\/uploads\/2022\/03\/cd-cantos_centraldepresentesfsf.jpeg","contentUrl":"https:\/\/fraternidadesemfronteiras.ch\/wp-content\/uploads\/2022\/03\/cd-cantos_centraldepresentesfsf.jpeg"},{"@type":"BreadcrumbList","@id":"https:\/\/fraternidadesemfronteiras.ch\/carrinho\/#breadcrumb","itemListElement":[{"@type":"ListItem","position":1,"name":"Home","item":"https:\/\/fraternidadesemfronteiras.ch\/"},{"@type":"ListItem","position":2,"name":"Carrello"}]},{"@type":"WebSite","@id":"https:\/\/fraternidadesemfronteiras.ch\/#website","url":"https:\/\/fraternidadesemfronteiras.ch\/","name":"Fraternidade Sem Fronteiras","description":"Somos uma organização humanitária que atua em alguns dos lugares mais pobres do planeta","potentialAction":[{"@type":"SearchAction","target":{"@type":"EntryPoint","urlTemplate":"https:\/\/fraternidadesemfronteiras.ch\/?s={search_term_string}"},"query-input":{"@type":"PropertyValueSpecification","valueRequired":true,"valueName":"search_term_string"}}],"inLanguage":"it-IT"}]}</script>
<!-- / Yoast SEO plugin. -->

&nbsp; &nbsp; Produto Preço Quantidade Subtotal &times; CD CANTI PER LA PACE &#67;&#72;&#70;&nbsp;6.00 CD CANTI PER LA PACE quantidade &#67;&#72;&#70;&nbsp;6.00 Aggiorna carrello Totale del carrello Subtotal &#67;&#72;&#70;&nbsp;6.00 Total &#67;&#72;&#70;&nbsp;6.00 Finalizzare il tuo acquisto

Somos uma organização humanitária que atua em alguns dos lugares mais pobres do planeta
