{"id":7387,"date":"2022-03-17T09:06:36","date_gmt":"2022-03-17T12:06:36","guid":{"rendered":"https:\/\/fraternidadesemfronteiras.ch\/produto\/cd-cantos-pela-paz-lieder-fur-den-frieden-2\/"},"modified":"2022-05-07T15:10:35","modified_gmt":"2022-05-07T18:10:35","slug":"cd-cantos-pela-paz-lieder-fur-den-frieden-2","status":"publish","type":"product","link":"https:\/\/fraternidadesemfronteiras.ch\/de\/produto\/cd-cantos-pela-paz-lieder-fur-den-frieden-2\/","title":{"rendered":"CD CANTOS PELA PAZ (LIEDER F\u00dcR DEN FRIEDEN)"},"content":{"rendered":"","protected":false},"excerpt":{"rendered":"","protected":false},"featured_media":7361,"template":"","meta":[],"product_brand":[],"product_cat":[278],"product_tag":[],"class_list":{"0":"post-7387","1":"product","2":"type-product","3":"status-publish","4":"has-post-thumbnail","6":"product_cat-souvenir-de","8":"first","9":"instock","10":"shipping-taxable","11":"purchasable","12":"product-type-simple"},"yoast_head":"<!-- This site is optimized with the Yoast SEO plugin v27.4 - https:\/\/yoast.com\/product\/yoast-seo-wordpress\/ -->\n<title>CD CANTOS PELA PAZ (LIEDER F\u00dcR DEN FRIEDEN) - Fraternidade Sem Fronteiras<\/title>\n<meta name=\"robots\" content=\"index, follow, max-snippet:-1, max-image-preview:large, max-video-preview:-1\" \/>\n<link rel=\"canonical\" href=\"https:\/\/fraternidadesemfronteiras.ch\/produto\/capa-para-caderno-fraterno\/\" \/>\n<meta property=\"og:locale\" content=\"de_DE\" \/>\n<meta property=\"og:type\" content=\"article\" \/>\n<meta property=\"og:title\" content=\"CD CANTOS PELA PAZ (LIEDER F\u00dcR DEN FRIEDEN) - Fraternidade Sem Fronteiras\" \/>\n<meta property=\"og:url\" content=\"https:\/\/fraternidadesemfronteiras.ch\/produto\/capa-para-caderno-fraterno\/\" \/>\n<meta property=\"og:site_name\" content=\"Fraternidade Sem Fronteiras\" \/>\n<meta property=\"article:modified_time\" content=\"2022-05-07T18:10:35+00:00\" \/>\n<meta property=\"og:image\" content=\"https:\/\/fraternidadesemfronteiras.ch\/wp-content\/uploads\/2022\/03\/CAPA-PARA-CADERNO-FRATERNO.webp\" \/>\n\t<meta property=\"og:image:width\" content=\"425\" \/>\n\t<meta property=\"og:image:height\" content=\"600\" \/>\n\t<meta property=\"og:image:type\" content=\"image\/webp\" \/>\n<meta name=\"twitter:card\" content=\"summary_large_image\" \/>\n<script type=\"application\/ld+json\" class=\"yoast-schema-graph\">{\"@context\":\"https:\\\/\\\/schema.org\",\"@graph\":[{\"@type\":\"WebPage\",\"@id\":\"https:\\\/\\\/fraternidadesemfronteiras.ch\\\/produto\\\/capa-para-caderno-fraterno\\\/\",\"url\":\"https:\\\/\\\/fraternidadesemfronteiras.ch\\\/produto\\\/capa-para-caderno-fraterno\\\/\",\"name\":\"CD CANTOS PELA PAZ (LIEDER F\u00dcR DEN FRIEDEN) - Fraternidade Sem Fronteiras\",\"isPartOf\":{\"@id\":\"https:\\\/\\\/fraternidadesemfronteiras.ch\\\/#website\"},\"primaryImageOfPage\":{\"@id\":\"https:\\\/\\\/fraternidadesemfronteiras.ch\\\/produto\\\/capa-para-caderno-fraterno\\\/#primaryimage\"},\"image\":{\"@id\":\"https:\\\/\\\/fraternidadesemfronteiras.ch\\\/produto\\\/capa-para-caderno-fraterno\\\/#primaryimage\"},\"thumbnailUrl\":\"https:\\\/\\\/fraternidadesemfronteiras.ch\\\/wp-content\\\/uploads\\\/2022\\\/03\\\/CAPA-PARA-CADERNO-FRATERNO.webp\",\"datePublished\":\"2022-03-17T12:06:36+00:00\",\"dateModified\":\"2022-05-07T18:10:35+00:00\",\"breadcrumb\":{\"@id\":\"https:\\\/\\\/fraternidadesemfronteiras.ch\\\/produto\\\/capa-para-caderno-fraterno\\\/#breadcrumb\"},\"inLanguage\":\"de\",\"potentialAction\":[{\"@type\":\"ReadAction\",\"target\":[\"https:\\\/\\\/fraternidadesemfronteiras.ch\\\/produto\\\/capa-para-caderno-fraterno\\\/\"]}]},{\"@type\":\"ImageObject\",\"inLanguage\":\"de\",\"@id\":\"https:\\\/\\\/fraternidadesemfronteiras.ch\\\/produto\\\/capa-para-caderno-fraterno\\\/#primaryimage\",\"url\":\"https:\\\/\\\/fraternidadesemfronteiras.ch\\\/wp-content\\\/uploads\\\/2022\\\/03\\\/CAPA-PARA-CADERNO-FRATERNO.webp\",\"contentUrl\":\"https:\\\/\\\/fraternidadesemfronteiras.ch\\\/wp-content\\\/uploads\\\/2022\\\/03\\\/CAPA-PARA-CADERNO-FRATERNO.webp\",\"width\":425,\"height\":600},{\"@type\":\"BreadcrumbList\",\"@id\":\"https:\\\/\\\/fraternidadesemfronteiras.ch\\\/produto\\\/capa-para-caderno-fraterno\\\/#breadcrumb\",\"itemListElement\":[{\"@type\":\"ListItem\",\"position\":1,\"name\":\"Home\",\"item\":\"https:\\\/\\\/fraternidadesemfronteiras.ch\\\/\"},{\"@type\":\"ListItem\",\"position\":2,\"name\":\"Solidarischer Shop\",\"item\":\"https:\\\/\\\/fraternidadesemfronteiras.ch\\\/loja\\\/\"},{\"@type\":\"ListItem\",\"position\":3,\"name\":\"CD CANTOS PELA PAZ (LIEDER F\u00dcR DEN FRIEDEN)\"}]},{\"@type\":\"WebSite\",\"@id\":\"https:\\\/\\\/fraternidadesemfronteiras.ch\\\/#website\",\"url\":\"https:\\\/\\\/fraternidadesemfronteiras.ch\\\/\",\"name\":\"Fraternidade Sem Fronteiras\",\"description\":\"Somos uma organiza\u00e7\u00e3o humanit\u00e1ria que atua em alguns dos lugares mais pobres do planeta\",\"potentialAction\":[{\"@type\":\"SearchAction\",\"target\":{\"@type\":\"EntryPoint\",\"urlTemplate\":\"https:\\\/\\\/fraternidadesemfronteiras.ch\\\/?s={search_term_string}\"},\"query-input\":{\"@type\":\"PropertyValueSpecification\",\"valueRequired\":true,\"valueName\":\"search_term_string\"}}],\"inLanguage\":\"de\"}]}<\/script>\n<!-- \/ Yoast SEO plugin. -->","yoast_head_json":{"title":"CD CANTOS PELA PAZ (LIEDER F\u00dcR DEN FRIEDEN) - Fraternidade Sem Fronteiras","robots":{"index":"index","follow":"follow","max-snippet":"max-snippet:-1","max-image-preview":"max-image-preview:large","max-video-preview":"max-video-preview:-1"},"canonical":"https:\/\/fraternidadesemfronteiras.ch\/produto\/capa-para-caderno-fraterno\/","og_locale":"de_DE","og_type":"article","og_title":"CD CANTOS PELA PAZ (LIEDER F\u00dcR DEN FRIEDEN) - Fraternidade Sem Fronteiras","og_url":"https:\/\/fraternidadesemfronteiras.ch\/produto\/capa-para-caderno-fraterno\/","og_site_name":"Fraternidade Sem Fronteiras","article_modified_time":"2022-05-07T18:10:35+00:00","og_image":[{"width":425,"height":600,"url":"https:\/\/fraternidadesemfronteiras.ch\/wp-content\/uploads\/2022\/03\/CAPA-PARA-CADERNO-FRATERNO.webp","type":"image\/webp"}],"twitter_card":"summary_large_image","schema":{"@context":"https:\/\/schema.org","@graph":[{"@type":"WebPage","@id":"https:\/\/fraternidadesemfronteiras.ch\/produto\/capa-para-caderno-fraterno\/","url":"https:\/\/fraternidadesemfronteiras.ch\/produto\/capa-para-caderno-fraterno\/","name":"CD CANTOS PELA PAZ (LIEDER F\u00dcR DEN FRIEDEN) - Fraternidade Sem Fronteiras","isPartOf":{"@id":"https:\/\/fraternidadesemfronteiras.ch\/#website"},"primaryImageOfPage":{"@id":"https:\/\/fraternidadesemfronteiras.ch\/produto\/capa-para-caderno-fraterno\/#primaryimage"},"image":{"@id":"https:\/\/fraternidadesemfronteiras.ch\/produto\/capa-para-caderno-fraterno\/#primaryimage"},"thumbnailUrl":"https:\/\/fraternidadesemfronteiras.ch\/wp-content\/uploads\/2022\/03\/CAPA-PARA-CADERNO-FRATERNO.webp","datePublished":"2022-03-17T12:06:36+00:00","dateModified":"2022-05-07T18:10:35+00:00","breadcrumb":{"@id":"https:\/\/fraternidadesemfronteiras.ch\/produto\/capa-para-caderno-fraterno\/#breadcrumb"},"inLanguage":"de","potentialAction":[{"@type":"ReadAction","target":["https:\/\/fraternidadesemfronteiras.ch\/produto\/capa-para-caderno-fraterno\/"]}]},{"@type":"ImageObject","inLanguage":"de","@id":"https:\/\/fraternidadesemfronteiras.ch\/produto\/capa-para-caderno-fraterno\/#primaryimage","url":"https:\/\/fraternidadesemfronteiras.ch\/wp-content\/uploads\/2022\/03\/CAPA-PARA-CADERNO-FRATERNO.webp","contentUrl":"https:\/\/fraternidadesemfronteiras.ch\/wp-content\/uploads\/2022\/03\/CAPA-PARA-CADERNO-FRATERNO.webp","width":425,"height":600},{"@type":"BreadcrumbList","@id":"https:\/\/fraternidadesemfronteiras.ch\/produto\/capa-para-caderno-fraterno\/#breadcrumb","itemListElement":[{"@type":"ListItem","position":1,"name":"Home","item":"https:\/\/fraternidadesemfronteiras.ch\/"},{"@type":"ListItem","position":2,"name":"Solidarischer Shop","item":"https:\/\/fraternidadesemfronteiras.ch\/loja\/"},{"@type":"ListItem","position":3,"name":"CD CANTOS PELA PAZ (LIEDER F\u00dcR DEN FRIEDEN)"}]},{"@type":"WebSite","@id":"https:\/\/fraternidadesemfronteiras.ch\/#website","url":"https:\/\/fraternidadesemfronteiras.ch\/","name":"Fraternidade Sem Fronteiras","description":"Somos uma organiza\u00e7\u00e3o humanit\u00e1ria que atua em alguns dos lugares mais pobres do planeta","potentialAction":[{"@type":"SearchAction","target":{"@type":"EntryPoint","urlTemplate":"https:\/\/fraternidadesemfronteiras.ch\/?s={search_term_string}"},"query-input":{"@type":"PropertyValueSpecification","valueRequired":true,"valueName":"search_term_string"}}],"inLanguage":"de"}]}},"_links":{"self":[{"href":"https:\/\/fraternidadesemfronteiras.ch\/de\/wp-json\/wp\/v2\/product\/7387","targetHints":{"allow":["GET"]}}],"collection":[{"href":"https:\/\/fraternidadesemfronteiras.ch\/de\/wp-json\/wp\/v2\/product"}],"about":[{"href":"https:\/\/fraternidadesemfronteiras.ch\/de\/wp-json\/wp\/v2\/types\/product"}],"version-history":[{"count":0,"href":"https:\/\/fraternidadesemfronteiras.ch\/de\/wp-json\/wp\/v2\/product\/7387\/revisions"}],"wp:featuredmedia":[{"embeddable":true,"href":"https:\/\/fraternidadesemfronteiras.ch\/de\/wp-json\/wp\/v2\/media\/7361"}],"wp:attachment":[{"href":"https:\/\/fraternidadesemfronteiras.ch\/de\/wp-json\/wp\/v2\/media?parent=7387"}],"wp:term":[{"taxonomy":"product_brand","embeddable":true,"href":"https:\/\/fraternidadesemfronteiras.ch\/de\/wp-json\/wp\/v2\/product_brand?post=7387"},{"taxonomy":"product_cat","embeddable":true,"href":"https:\/\/fraternidadesemfronteiras.ch\/de\/wp-json\/wp\/v2\/product_cat?post=7387"},{"taxonomy":"product_tag","embeddable":true,"href":"https:\/\/fraternidadesemfronteiras.ch\/de\/wp-json\/wp\/v2\/product_tag?post=7387"}],"curies":[{"name":"wp","href":"https:\/\/api.w.org\/{rel}","templated":true}]}}

CD CANTOS PELA PAZ (LIEDER FÜR DEN FRIEDEN)

<!-- This site is optimized with the Yoast SEO plugin v27.4 - https://yoast.com/product/yoast-seo-wordpress/ -->
<title>CD CANTOS PELA PAZ (LIEDER FÜR DEN FRIEDEN) - Fraternidade Sem Fronteiras</title>
<meta name="robots" content="index, follow, max-snippet:-1, max-image-preview:large, max-video-preview:-1" />
<link rel="canonical" href="https://fraternidadesemfronteiras.ch/produto/capa-para-caderno-fraterno/" />
<meta property="og:locale" content="de_DE" />
<meta property="og:type" content="article" />
<meta property="og:title" content="CD CANTOS PELA PAZ (LIEDER FÜR DEN FRIEDEN) - Fraternidade Sem Fronteiras" />
<meta property="og:url" content="https://fraternidadesemfronteiras.ch/produto/capa-para-caderno-fraterno/" />
<meta property="og:site_name" content="Fraternidade Sem Fronteiras" />
<meta property="article:modified_time" content="2022-05-07T18:10:35+00:00" />
<meta property="og:image" content="https://fraternidadesemfronteiras.ch/wp-content/uploads/2022/03/CAPA-PARA-CADERNO-FRATERNO.webp" />
	<meta property="og:image:width" content="425" />
	<meta property="og:image:height" content="600" />
	<meta property="og:image:type" content="image/webp" />
<meta name="twitter:card" content="summary_large_image" />
<script type="application/ld+json" class="yoast-schema-graph">{"@context":"https:\/\/schema.org","@graph":[{"@type":"WebPage","@id":"https:\/\/fraternidadesemfronteiras.ch\/produto\/capa-para-caderno-fraterno\/","url":"https:\/\/fraternidadesemfronteiras.ch\/produto\/capa-para-caderno-fraterno\/","name":"CD CANTOS PELA PAZ (LIEDER FÜR DEN FRIEDEN) - Fraternidade Sem Fronteiras","isPartOf":{"@id":"https:\/\/fraternidadesemfronteiras.ch\/#website"},"primaryImageOfPage":{"@id":"https:\/\/fraternidadesemfronteiras.ch\/produto\/capa-para-caderno-fraterno\/#primaryimage"},"image":{"@id":"https:\/\/fraternidadesemfronteiras.ch\/produto\/capa-para-caderno-fraterno\/#primaryimage"},"thumbnailUrl":"https:\/\/fraternidadesemfronteiras.ch\/wp-content\/uploads\/2022\/03\/CAPA-PARA-CADERNO-FRATERNO.webp","datePublished":"2022-03-17T12:06:36+00:00","dateModified":"2022-05-07T18:10:35+00:00","breadcrumb":{"@id":"https:\/\/fraternidadesemfronteiras.ch\/produto\/capa-para-caderno-fraterno\/#breadcrumb"},"inLanguage":"de","potentialAction":[{"@type":"ReadAction","target":["https:\/\/fraternidadesemfronteiras.ch\/produto\/capa-para-caderno-fraterno\/"]}]},{"@type":"ImageObject","inLanguage":"de","@id":"https:\/\/fraternidadesemfronteiras.ch\/produto\/capa-para-caderno-fraterno\/#primaryimage","url":"https:\/\/fraternidadesemfronteiras.ch\/wp-content\/uploads\/2022\/03\/CAPA-PARA-CADERNO-FRATERNO.webp","contentUrl":"https:\/\/fraternidadesemfronteiras.ch\/wp-content\/uploads\/2022\/03\/CAPA-PARA-CADERNO-FRATERNO.webp","width":425,"height":600},{"@type":"BreadcrumbList","@id":"https:\/\/fraternidadesemfronteiras.ch\/produto\/capa-para-caderno-fraterno\/#breadcrumb","itemListElement":[{"@type":"ListItem","position":1,"name":"Home","item":"https:\/\/fraternidadesemfronteiras.ch\/"},{"@type":"ListItem","position":2,"name":"Solidarischer Shop","item":"https:\/\/fraternidadesemfronteiras.ch\/loja\/"},{"@type":"ListItem","position":3,"name":"CD CANTOS PELA PAZ (LIEDER FÜR DEN FRIEDEN)"}]},{"@type":"WebSite","@id":"https:\/\/fraternidadesemfronteiras.ch\/#website","url":"https:\/\/fraternidadesemfronteiras.ch\/","name":"Fraternidade Sem Fronteiras","description":"Somos uma organização humanitária que atua em alguns dos lugares mais pobres do planeta","potentialAction":[{"@type":"SearchAction","target":{"@type":"EntryPoint","urlTemplate":"https:\/\/fraternidadesemfronteiras.ch\/?s={search_term_string}"},"query-input":{"@type":"PropertyValueSpecification","valueRequired":true,"valueName":"search_term_string"}}],"inLanguage":"de"}]}</script>
<!-- / Yoast SEO plugin. -->

CD CANTOS PELA PAZ (LIEDER FÜR DEN FRIEDEN) - Fraternidade Sem Fronteiras

Somos uma organização humanitária que atua em alguns dos lugares mais pobres do planeta
