{"id":7378,"date":"2022-03-17T09:02:33","date_gmt":"2022-03-17T12:02:33","guid":{"rendered":"https:\/\/fraternidadesemfronteiras.ch\/produto\/cd-cantos-pela-paz-lieder-fur-den-frieden\/"},"modified":"2022-05-07T15:20:24","modified_gmt":"2022-05-07T18:20:24","slug":"cd-cantos-pela-paz-lieder-fur-den-frieden","status":"publish","type":"product","link":"https:\/\/fraternidadesemfronteiras.ch\/de\/produto\/cd-cantos-pela-paz-lieder-fur-den-frieden\/","title":{"rendered":"CD CANTOS PELA PAZ (LIEDER F\u00dcR DEN FRIEDEN)"},"content":{"rendered":"<p>Lieder, gesungen in den D\u00f6rfern Mosambiks, mit der Stimme der Frauen und Jugendlichen der FSF. Es sind Lieder, die Freude, Lob und Dankbarkeit ausdr\u00fccken und die Tr\u00e4ume und Hoffnungen Tausender mosambikanischer Kinder und Erwachsener wiegen.<\/p>\n<p>Die Aufnahme wurde w\u00e4hrend eines Besuchs von FSF-Projekten in den D\u00f6rfern Mosambiks im November 2016 von DJ Alok, DJ Bhaskar und ihrem gesamten Team gemacht.<\/p>\n","protected":false},"excerpt":{"rendered":"<p>Lieder, gesungen in den D\u00f6rfern Mosambiks, mit der Stimme der Frauen und Jugendlichen der FSF. Es sind Lieder, die Freude, Lob und Dankbarkeit ausdr\u00fccken und die Tr\u00e4ume und Hoffnungen Tausender mosambikanischer Kinder und Erwachsener wiegen.<\/p>\n<p>Die Aufnahme wurde w\u00e4hrend eines Besuchs von FSF-Projekten in den D\u00f6rfern Mosambiks im November 2016 von DJ Alok, DJ Bhaskar und ihrem gesamten Team gemacht.<\/p>\n","protected":false},"featured_media":5163,"template":"","meta":[],"product_brand":[],"product_cat":[273],"product_tag":[],"class_list":{"0":"post-7378","1":"product","2":"type-product","3":"status-publish","4":"has-post-thumbnail","6":"product_cat-cd-de","8":"first","9":"instock","10":"shipping-taxable","11":"purchasable","12":"product-type-simple"},"yoast_head":"<!-- This site is optimized with the Yoast SEO plugin v27.4 - https:\/\/yoast.com\/product\/yoast-seo-wordpress\/ -->\n<title>CD CANTOS PELA PAZ (LIEDER F\u00dcR DEN FRIEDEN) - Fraternidade Sem Fronteiras<\/title>\n<meta name=\"robots\" content=\"index, follow, max-snippet:-1, max-image-preview:large, max-video-preview:-1\" \/>\n<link rel=\"canonical\" href=\"https:\/\/fraternidadesemfronteiras.ch\/produto\/cd-cantos-pela-paz\/\" \/>\n<meta property=\"og:locale\" content=\"de_DE\" \/>\n<meta property=\"og:type\" content=\"article\" \/>\n<meta property=\"og:title\" content=\"CD CANTOS PELA PAZ (LIEDER F\u00dcR DEN FRIEDEN) - Fraternidade Sem Fronteiras\" \/>\n<meta property=\"og:description\" content=\"Lieder, gesungen in den D\u00f6rfern Mosambiks, mit der Stimme der Frauen und Jugendlichen der FSF. Es sind Lieder, die Freude, Lob und Dankbarkeit ausdr\u00fccken und die Tr\u00e4ume und Hoffnungen Tausender mosambikanischer Kinder und Erwachsener wiegen.  Die Aufnahme wurde w\u00e4hrend eines Besuchs von FSF-Projekten in den D\u00f6rfern Mosambiks im November 2016 von DJ Alok, DJ Bhaskar und ihrem gesamten Team gemacht.\" \/>\n<meta property=\"og:url\" content=\"https:\/\/fraternidadesemfronteiras.ch\/produto\/cd-cantos-pela-paz\/\" \/>\n<meta property=\"og:site_name\" content=\"Fraternidade Sem Fronteiras\" \/>\n<meta property=\"article:modified_time\" content=\"2022-05-07T18:20:24+00:00\" \/>\n<meta property=\"og:image\" content=\"https:\/\/fraternidadesemfronteiras.ch\/wp-content\/uploads\/2022\/03\/cd-cantos_centraldepresentesfsf.jpeg\" \/>\n\t<meta property=\"og:image:width\" content=\"425\" \/>\n\t<meta property=\"og:image:height\" content=\"600\" \/>\n\t<meta property=\"og:image:type\" content=\"image\/jpeg\" \/>\n<meta name=\"twitter:card\" content=\"summary_large_image\" \/>\n<script type=\"application\/ld+json\" class=\"yoast-schema-graph\">{\"@context\":\"https:\\\/\\\/schema.org\",\"@graph\":[{\"@type\":\"WebPage\",\"@id\":\"https:\\\/\\\/fraternidadesemfronteiras.ch\\\/produto\\\/cd-cantos-pela-paz\\\/\",\"url\":\"https:\\\/\\\/fraternidadesemfronteiras.ch\\\/produto\\\/cd-cantos-pela-paz\\\/\",\"name\":\"CD CANTOS PELA PAZ (LIEDER F\u00dcR DEN FRIEDEN) - Fraternidade Sem Fronteiras\",\"isPartOf\":{\"@id\":\"https:\\\/\\\/fraternidadesemfronteiras.ch\\\/#website\"},\"primaryImageOfPage\":{\"@id\":\"https:\\\/\\\/fraternidadesemfronteiras.ch\\\/produto\\\/cd-cantos-pela-paz\\\/#primaryimage\"},\"image\":{\"@id\":\"https:\\\/\\\/fraternidadesemfronteiras.ch\\\/produto\\\/cd-cantos-pela-paz\\\/#primaryimage\"},\"thumbnailUrl\":\"https:\\\/\\\/fraternidadesemfronteiras.ch\\\/wp-content\\\/uploads\\\/2022\\\/03\\\/cd-cantos_centraldepresentesfsf.jpeg\",\"datePublished\":\"2022-03-17T12:02:33+00:00\",\"dateModified\":\"2022-05-07T18:20:24+00:00\",\"breadcrumb\":{\"@id\":\"https:\\\/\\\/fraternidadesemfronteiras.ch\\\/produto\\\/cd-cantos-pela-paz\\\/#breadcrumb\"},\"inLanguage\":\"de\",\"potentialAction\":[{\"@type\":\"ReadAction\",\"target\":[\"https:\\\/\\\/fraternidadesemfronteiras.ch\\\/produto\\\/cd-cantos-pela-paz\\\/\"]}]},{\"@type\":\"ImageObject\",\"inLanguage\":\"de\",\"@id\":\"https:\\\/\\\/fraternidadesemfronteiras.ch\\\/produto\\\/cd-cantos-pela-paz\\\/#primaryimage\",\"url\":\"https:\\\/\\\/fraternidadesemfronteiras.ch\\\/wp-content\\\/uploads\\\/2022\\\/03\\\/cd-cantos_centraldepresentesfsf.jpeg\",\"contentUrl\":\"https:\\\/\\\/fraternidadesemfronteiras.ch\\\/wp-content\\\/uploads\\\/2022\\\/03\\\/cd-cantos_centraldepresentesfsf.jpeg\",\"width\":425,\"height\":600},{\"@type\":\"BreadcrumbList\",\"@id\":\"https:\\\/\\\/fraternidadesemfronteiras.ch\\\/produto\\\/cd-cantos-pela-paz\\\/#breadcrumb\",\"itemListElement\":[{\"@type\":\"ListItem\",\"position\":1,\"name\":\"Home\",\"item\":\"https:\\\/\\\/fraternidadesemfronteiras.ch\\\/\"},{\"@type\":\"ListItem\",\"position\":2,\"name\":\"Solidarischer Shop\",\"item\":\"https:\\\/\\\/fraternidadesemfronteiras.ch\\\/loja\\\/\"},{\"@type\":\"ListItem\",\"position\":3,\"name\":\"CD CANTOS PELA PAZ (LIEDER F\u00dcR DEN FRIEDEN)\"}]},{\"@type\":\"WebSite\",\"@id\":\"https:\\\/\\\/fraternidadesemfronteiras.ch\\\/#website\",\"url\":\"https:\\\/\\\/fraternidadesemfronteiras.ch\\\/\",\"name\":\"Fraternidade Sem Fronteiras\",\"description\":\"Somos uma organiza\u00e7\u00e3o humanit\u00e1ria que atua em alguns dos lugares mais pobres do planeta\",\"potentialAction\":[{\"@type\":\"SearchAction\",\"target\":{\"@type\":\"EntryPoint\",\"urlTemplate\":\"https:\\\/\\\/fraternidadesemfronteiras.ch\\\/?s={search_term_string}\"},\"query-input\":{\"@type\":\"PropertyValueSpecification\",\"valueRequired\":true,\"valueName\":\"search_term_string\"}}],\"inLanguage\":\"de\"}]}<\/script>\n<!-- \/ Yoast SEO plugin. -->","yoast_head_json":{"title":"CD CANTOS PELA PAZ (LIEDER F\u00dcR DEN FRIEDEN) - Fraternidade Sem Fronteiras","robots":{"index":"index","follow":"follow","max-snippet":"max-snippet:-1","max-image-preview":"max-image-preview:large","max-video-preview":"max-video-preview:-1"},"canonical":"https:\/\/fraternidadesemfronteiras.ch\/produto\/cd-cantos-pela-paz\/","og_locale":"de_DE","og_type":"article","og_title":"CD CANTOS PELA PAZ (LIEDER F\u00dcR DEN FRIEDEN) - Fraternidade Sem Fronteiras","og_description":"Lieder, gesungen in den D\u00f6rfern Mosambiks, mit der Stimme der Frauen und Jugendlichen der FSF. Es sind Lieder, die Freude, Lob und Dankbarkeit ausdr\u00fccken und die Tr\u00e4ume und Hoffnungen Tausender mosambikanischer Kinder und Erwachsener wiegen.  Die Aufnahme wurde w\u00e4hrend eines Besuchs von FSF-Projekten in den D\u00f6rfern Mosambiks im November 2016 von DJ Alok, DJ Bhaskar und ihrem gesamten Team gemacht.","og_url":"https:\/\/fraternidadesemfronteiras.ch\/produto\/cd-cantos-pela-paz\/","og_site_name":"Fraternidade Sem Fronteiras","article_modified_time":"2022-05-07T18:20:24+00:00","og_image":[{"width":425,"height":600,"url":"https:\/\/fraternidadesemfronteiras.ch\/wp-content\/uploads\/2022\/03\/cd-cantos_centraldepresentesfsf.jpeg","type":"image\/jpeg"}],"twitter_card":"summary_large_image","schema":{"@context":"https:\/\/schema.org","@graph":[{"@type":"WebPage","@id":"https:\/\/fraternidadesemfronteiras.ch\/produto\/cd-cantos-pela-paz\/","url":"https:\/\/fraternidadesemfronteiras.ch\/produto\/cd-cantos-pela-paz\/","name":"CD CANTOS PELA PAZ (LIEDER F\u00dcR DEN FRIEDEN) - Fraternidade Sem Fronteiras","isPartOf":{"@id":"https:\/\/fraternidadesemfronteiras.ch\/#website"},"primaryImageOfPage":{"@id":"https:\/\/fraternidadesemfronteiras.ch\/produto\/cd-cantos-pela-paz\/#primaryimage"},"image":{"@id":"https:\/\/fraternidadesemfronteiras.ch\/produto\/cd-cantos-pela-paz\/#primaryimage"},"thumbnailUrl":"https:\/\/fraternidadesemfronteiras.ch\/wp-content\/uploads\/2022\/03\/cd-cantos_centraldepresentesfsf.jpeg","datePublished":"2022-03-17T12:02:33+00:00","dateModified":"2022-05-07T18:20:24+00:00","breadcrumb":{"@id":"https:\/\/fraternidadesemfronteiras.ch\/produto\/cd-cantos-pela-paz\/#breadcrumb"},"inLanguage":"de","potentialAction":[{"@type":"ReadAction","target":["https:\/\/fraternidadesemfronteiras.ch\/produto\/cd-cantos-pela-paz\/"]}]},{"@type":"ImageObject","inLanguage":"de","@id":"https:\/\/fraternidadesemfronteiras.ch\/produto\/cd-cantos-pela-paz\/#primaryimage","url":"https:\/\/fraternidadesemfronteiras.ch\/wp-content\/uploads\/2022\/03\/cd-cantos_centraldepresentesfsf.jpeg","contentUrl":"https:\/\/fraternidadesemfronteiras.ch\/wp-content\/uploads\/2022\/03\/cd-cantos_centraldepresentesfsf.jpeg","width":425,"height":600},{"@type":"BreadcrumbList","@id":"https:\/\/fraternidadesemfronteiras.ch\/produto\/cd-cantos-pela-paz\/#breadcrumb","itemListElement":[{"@type":"ListItem","position":1,"name":"Home","item":"https:\/\/fraternidadesemfronteiras.ch\/"},{"@type":"ListItem","position":2,"name":"Solidarischer Shop","item":"https:\/\/fraternidadesemfronteiras.ch\/loja\/"},{"@type":"ListItem","position":3,"name":"CD CANTOS PELA PAZ (LIEDER F\u00dcR DEN FRIEDEN)"}]},{"@type":"WebSite","@id":"https:\/\/fraternidadesemfronteiras.ch\/#website","url":"https:\/\/fraternidadesemfronteiras.ch\/","name":"Fraternidade Sem Fronteiras","description":"Somos uma organiza\u00e7\u00e3o humanit\u00e1ria que atua em alguns dos lugares mais pobres do planeta","potentialAction":[{"@type":"SearchAction","target":{"@type":"EntryPoint","urlTemplate":"https:\/\/fraternidadesemfronteiras.ch\/?s={search_term_string}"},"query-input":{"@type":"PropertyValueSpecification","valueRequired":true,"valueName":"search_term_string"}}],"inLanguage":"de"}]}},"_links":{"self":[{"href":"https:\/\/fraternidadesemfronteiras.ch\/de\/wp-json\/wp\/v2\/product\/7378","targetHints":{"allow":["GET"]}}],"collection":[{"href":"https:\/\/fraternidadesemfronteiras.ch\/de\/wp-json\/wp\/v2\/product"}],"about":[{"href":"https:\/\/fraternidadesemfronteiras.ch\/de\/wp-json\/wp\/v2\/types\/product"}],"version-history":[{"count":0,"href":"https:\/\/fraternidadesemfronteiras.ch\/de\/wp-json\/wp\/v2\/product\/7378\/revisions"}],"wp:featuredmedia":[{"embeddable":true,"href":"https:\/\/fraternidadesemfronteiras.ch\/de\/wp-json\/wp\/v2\/media\/5163"}],"wp:attachment":[{"href":"https:\/\/fraternidadesemfronteiras.ch\/de\/wp-json\/wp\/v2\/media?parent=7378"}],"wp:term":[{"taxonomy":"product_brand","embeddable":true,"href":"https:\/\/fraternidadesemfronteiras.ch\/de\/wp-json\/wp\/v2\/product_brand?post=7378"},{"taxonomy":"product_cat","embeddable":true,"href":"https:\/\/fraternidadesemfronteiras.ch\/de\/wp-json\/wp\/v2\/product_cat?post=7378"},{"taxonomy":"product_tag","embeddable":true,"href":"https:\/\/fraternidadesemfronteiras.ch\/de\/wp-json\/wp\/v2\/product_tag?post=7378"}],"curies":[{"name":"wp","href":"https:\/\/api.w.org\/{rel}","templated":true}]}}

CD CANTOS PELA PAZ (LIEDER FÜR DEN FRIEDEN)

<p>Lieder, gesungen in den Dörfern Mosambiks, mit der Stimme der Frauen und Jugendlichen der FSF. Es sind Lieder, die Freude, Lob und Dankbarkeit ausdrücken und die Träume und Hoffnungen Tausender mosambikanischer Kinder und Erwachsener wiegen.</p>
<p>Die Aufnahme wurde während eines Besuchs von FSF-Projekten in den Dörfern Mosambiks im November 2016 von DJ Alok, DJ Bhaskar und ihrem gesamten Team gemacht.</p>

<!-- This site is optimized with the Yoast SEO plugin v27.4 - https://yoast.com/product/yoast-seo-wordpress/ -->
<title>CD CANTOS PELA PAZ (LIEDER FÜR DEN FRIEDEN) - Fraternidade Sem Fronteiras</title>
<meta name="robots" content="index, follow, max-snippet:-1, max-image-preview:large, max-video-preview:-1" />
<link rel="canonical" href="https://fraternidadesemfronteiras.ch/produto/cd-cantos-pela-paz/" />
<meta property="og:locale" content="de_DE" />
<meta property="og:type" content="article" />
<meta property="og:title" content="CD CANTOS PELA PAZ (LIEDER FÜR DEN FRIEDEN) - Fraternidade Sem Fronteiras" />
<meta property="og:description" content="Lieder, gesungen in den Dörfern Mosambiks, mit der Stimme der Frauen und Jugendlichen der FSF. Es sind Lieder, die Freude, Lob und Dankbarkeit ausdrücken und die Träume und Hoffnungen Tausender mosambikanischer Kinder und Erwachsener wiegen.  Die Aufnahme wurde während eines Besuchs von FSF-Projekten in den Dörfern Mosambiks im November 2016 von DJ Alok, DJ Bhaskar und ihrem gesamten Team gemacht." />
<meta property="og:url" content="https://fraternidadesemfronteiras.ch/produto/cd-cantos-pela-paz/" />
<meta property="og:site_name" content="Fraternidade Sem Fronteiras" />
<meta property="article:modified_time" content="2022-05-07T18:20:24+00:00" />
<meta property="og:image" content="https://fraternidadesemfronteiras.ch/wp-content/uploads/2022/03/cd-cantos_centraldepresentesfsf.jpeg" />
	<meta property="og:image:width" content="425" />
	<meta property="og:image:height" content="600" />
	<meta property="og:image:type" content="image/jpeg" />
<meta name="twitter:card" content="summary_large_image" />
<script type="application/ld+json" class="yoast-schema-graph">{"@context":"https:\/\/schema.org","@graph":[{"@type":"WebPage","@id":"https:\/\/fraternidadesemfronteiras.ch\/produto\/cd-cantos-pela-paz\/","url":"https:\/\/fraternidadesemfronteiras.ch\/produto\/cd-cantos-pela-paz\/","name":"CD CANTOS PELA PAZ (LIEDER FÜR DEN FRIEDEN) - Fraternidade Sem Fronteiras","isPartOf":{"@id":"https:\/\/fraternidadesemfronteiras.ch\/#website"},"primaryImageOfPage":{"@id":"https:\/\/fraternidadesemfronteiras.ch\/produto\/cd-cantos-pela-paz\/#primaryimage"},"image":{"@id":"https:\/\/fraternidadesemfronteiras.ch\/produto\/cd-cantos-pela-paz\/#primaryimage"},"thumbnailUrl":"https:\/\/fraternidadesemfronteiras.ch\/wp-content\/uploads\/2022\/03\/cd-cantos_centraldepresentesfsf.jpeg","datePublished":"2022-03-17T12:02:33+00:00","dateModified":"2022-05-07T18:20:24+00:00","breadcrumb":{"@id":"https:\/\/fraternidadesemfronteiras.ch\/produto\/cd-cantos-pela-paz\/#breadcrumb"},"inLanguage":"de","potentialAction":[{"@type":"ReadAction","target":["https:\/\/fraternidadesemfronteiras.ch\/produto\/cd-cantos-pela-paz\/"]}]},{"@type":"ImageObject","inLanguage":"de","@id":"https:\/\/fraternidadesemfronteiras.ch\/produto\/cd-cantos-pela-paz\/#primaryimage","url":"https:\/\/fraternidadesemfronteiras.ch\/wp-content\/uploads\/2022\/03\/cd-cantos_centraldepresentesfsf.jpeg","contentUrl":"https:\/\/fraternidadesemfronteiras.ch\/wp-content\/uploads\/2022\/03\/cd-cantos_centraldepresentesfsf.jpeg","width":425,"height":600},{"@type":"BreadcrumbList","@id":"https:\/\/fraternidadesemfronteiras.ch\/produto\/cd-cantos-pela-paz\/#breadcrumb","itemListElement":[{"@type":"ListItem","position":1,"name":"Home","item":"https:\/\/fraternidadesemfronteiras.ch\/"},{"@type":"ListItem","position":2,"name":"Solidarischer Shop","item":"https:\/\/fraternidadesemfronteiras.ch\/loja\/"},{"@type":"ListItem","position":3,"name":"CD CANTOS PELA PAZ (LIEDER FÜR DEN FRIEDEN)"}]},{"@type":"WebSite","@id":"https:\/\/fraternidadesemfronteiras.ch\/#website","url":"https:\/\/fraternidadesemfronteiras.ch\/","name":"Fraternidade Sem Fronteiras","description":"Somos uma organização humanitária que atua em alguns dos lugares mais pobres do planeta","potentialAction":[{"@type":"SearchAction","target":{"@type":"EntryPoint","urlTemplate":"https:\/\/fraternidadesemfronteiras.ch\/?s={search_term_string}"},"query-input":{"@type":"PropertyValueSpecification","valueRequired":true,"valueName":"search_term_string"}}],"inLanguage":"de"}]}</script>
<!-- / Yoast SEO plugin. -->

CD CANTOS PELA PAZ (LIEDER FÜR DEN FRIEDEN) - Fraternidade Sem Fronteiras

Lieder, gesungen in den Dörfern Mosambiks, mit der Stimme der Frauen und Jugendlichen der FSF. Es sind Lieder, die Freude, Lob und Dankbarkeit ausdrücken und die Träume und Hoffnungen Tausender mosambikanischer Kinder und Erwachsener wiegen.  Die Aufnahme wurde während eines Besuchs von FSF-Projekten in den Dörfern Mosambiks im November 2016 von DJ Alok, DJ Bhaskar und ihrem gesamten Team gemacht.

Somos uma organização humanitária que atua em alguns dos lugares mais pobres do planeta
